0.
3
Calculate the remainder when 11430 is divided by 317.
18
What is the remainder when 28419 is divided by 98?
97
What is the remainder when 66005 is divided by 18?
17
What is the remainder when 165 is divided by 69?
27
Calculate the remainder when 22473 is divided by 133.
129
Calculate the remainder when 22566 is divided by 3760.
6
Calculate the remainder when 32120 is divided by 10670.
110
Calculate the remainder when 187084 is divided by 71.
70
Calculate the remainder when 21469 is divided by 21403.
66
Calculate the remainder when 1794 is divided by 70.
44
What is the remainder when 10644 is divided by 17?
2
What is the remainder when 4528 is divided by 103?
99
What is the remainder when 59519 is divided by 160?
159
Calculate the remainder when 1692 is divided by 674.
344
Calculate the remainder when 106266 is divided by 17.
16
What is the remainder when 1947 is divided by 388?
7
What is the remainder when 2521641 is divided by 19?
18
What is the remainder when 197927 is divided by 98955?
17
Calculate the remainder when 1420315 is divided by 807.
802
Calculate the remainder when 6857 is divided by 142.
41
What is the remainder when 21042 is divided by 12?
6
Calculate the remainder when 14 is divided by 10.
4
Calculate the remainder when 141545 is divided by 22.
19
Calculate the remainder when 6707 is divided by 99.
74
Calculate the remainder when 12171 is divided by 213.
30
Calculate the remainder when 261475 is divided by 129.
121
Calculate the remainder when 178802 is divided by 748.
30
What is the remainder when 2925 is divided by 93?
42
What is the remainder when 26629 is divided by 8755?
364
What is the remainder when 154976 is divided by 164?
160
What is the remainder when 645183 is divided by 71686?
9
What is the remainder when 609035 is divided by 80?
75
What is the remainder when 2459 is divided by 202?
35
Calculate the remainder when 28249 is divided by 614.
5
What is the remainder when 43977 is divided by 1259?
1171
What is the remainder when 20221 is divided by 36?
25
What is the remainder when 165740 is divided by 303?
302
Calculate the remainder when 291774 is divided by 18235.
14
What is the remainder when 1558313 is divided by 319?
317
What is the remainder when 2064 is divided by 114?
12
What is the remainder when 6312 is divided by 1569?
36
What is the remainder when 15095 is divided by 1506?
35
What is the remainder when 10629 is divided by 1170?
99
What is the remainder when 1278 is divided by 194?
114
Calculate the remainder when 622140 is divided by 301.
274
Calculate the remainder when 47901 is divided by 11975.
1
Calculate the remainder when 163172 is divided by 752.
740
Calculate the remainder when 4430 is divided by 805.
405
What is the remainder when 735211 is divided by 183795?
31
What is the remainder when 2212 is divided by 372?
352
What is the remainder when 29360 is divided by 432?
416
Calculate the remainder when 2972 is divided by 161.
74
Calculate the remainder when 1126 is divided by 244.
150
Calculate the remainder when 3430 is divided by 687.
682
Calculate the remainder when 3578 is divided by 635.
403
What is the remainder when 18815 is divided by 23?
1
What is the remainder when 3321863 is divided by 54?
53
What is the remainder when 58593 is divided by 37?
22
What is the remainder when 10435 is divided by 2548?
243
Calculate the remainder when 529619 is divided by 679.
678
Calculate the remainder when 107272 is divided by 80.
72
Calculate the remainder when 13189 is divided by 136.
133
What is the remainder when 31570 is divided by 433?
394
What is the remainder when 157417 is divided by 291?
277
What is the remainder when 1033 is divided by 176?
153
Calculate the remainder when 32036 is divided by 18.
14
What is the remainder when 11625 is divided by 5796?
33
What is the remainder when 39817 is divided by 152?
145
Calculate the remainder when 126091 is divided by 1300.
1291
Calculate the remainder when 9205 is divided by 317.
12
Calculate the remainder when 2788 is divided by 924.
16
Calculate the remainder when 14478 is divided by 2891.
23
Calculate the remainder when 79029 is divided by 7.
6
Calculate the remainder when 11251797 is divided by 12.
9
What is the remainder when 595 is divided by 32?
19
What is the remainder when 37542 is divided by 12497?
51
What is the remainder when 41509 is divided by 178?
35
What is the remainder when 1719 is divided by 12?
3
Calculate the remainder when 98373 is divided by 98362.
11
What is the remainder when 7270 is divided by 56?
46
Calculate the remainder when 290 is divided by 94.
8
Calculate the remainder when 320541 is divided by 24.
21
Calculate the remainder when 5721 is divided by 946.
45
Calculate the remainder when 6829 is divided by 2245.
94
What is the remainder when 6010463 is divided by 217?
214
Calculate the remainder when 439 is divided by 163.
113
What is the remainder when 13675 is divided by 6805?
65
What is the remainder when 1040829 is divided by 24?
21
Calculate the remainder when 5293 is divided by 274.
87
What is the remainder when 178978 is divided by 89463?
52
Calculate the remainder when 1494 is divided by 36.
18
Calculate the remainder when 23221 is divided by 327.
4
What is the remainder when 245649 is divided by 25?
24
Calculate the remainder when 10330 is divided by 3427.
49
What is the remainder when 87534 is divided by 305?
304
What is the remainder when 58410 is divided by 4492?
14
Calculate the remainder when 355928 is divided by 392.
384
What is the remainder when 4028 is divided by 5?
3
What is the remainder when 66756 is divided by 39?
27
What is the remainder when 496 is divided by 314?
182
What is the remainder when 194464 is divided by 13890?
4
Calculate the remainder when 9960 is divided by 106.
102
What is the remainder when 1870 is divided by 138?
76
Calculate the remainder when 156543 is divided by 446.
443
Calculate the remainder when 9548 is divided by 3173.
29
What is the remainder when 3837 is divided by 30?
27
What is the remainder when 543 is divided by 124?
47
Calculate the remainder when 22835 is divided by 457.
442
Calculate the remainder when 53731 is divided by 112.
83
Calculate the remainder when 17083 is divided by 203.
31
Calculate the remainder when 35303 is divided by 100.
3
Calculate the remainder when 3890 is divided by 1289.
23
Calculate the remainder when 173 is divided by 163.
10
Calculate the remainder when 3210 is divided by 6.
0
What is the remainder when 165451 is divided by 131?
129
Calculate the remainder when 20163 is divided by 185.
183
What is the remainder when 12836 is divided by 24?
20
Calculate the remainder when 249055 is divided by 124514.
27
What is the remainder when 3954 is divided by 986?
10
Calculate the remainder when 7312 is divided by 162.
22
Calculate the remainder when 2819354 is divided by 939780.
14
What is the remainder when 24802 is divided by 23?
8
Calculate the remainder when 3263 is divided by 757.
235
Calculate the remainder when 6840 is divided by 66.
42
What is the remainder when 298842 is divided by 209?
181
Calculate the remainder when 60118 is divided by 4603.
279
Calculate the remainder when 18626 is divided by 101.
42
Calculate the remainder when 16899 is divided by 25.
24
Calculate the remainder when 81 is divided by 80.
1
What is the remainder when 1154 is divided by 519?
116
What is the remainder when 1861 is divided by 206?
7
What is the remainder when 9995 is divided by 84?
83
What is the remainder when 29242 is divided by 1460?
42
What is the remainder when 13555 is divided by 19?
8
Calculate the remainder when 2221 is divided by 2196.
25
What is the remainder when 2157 is divided by 353?
39
What is the remainder when 905662 is divided by 43?
39
Calculate the remainder when 892 is divided by 781.
111
Calculate the remainder when 302047 is divided by 350.
347
Calculate the remainder when 6317 is divided by 27.
26
Calculate the remainder when 441787 is divided by 312.
307
What is the remainder when 20183 is divided by 1691?
1582
Calculate the remainder when 107579 is divided by 387.
380
What is the remainder when 29240 is divided by 2245?
55
What is the remainder when 423618 is divided by 359?
357
Calculate the remainder when 461659 is divided by